{"id":82,"date":"2014-05-10T16:56:50","date_gmt":"2014-05-10T16:56:50","guid":{"rendered":"http:\/\/maqla.es\/web\/?page_id=82"},"modified":"2014-10-05T14:03:03","modified_gmt":"2014-10-05T14:03:03","slug":"conferencias","status":"publish","type":"page","link":"https:\/\/maqla.es\/web\/conferencias\/","title":{"rendered":"Conferencias"},"content":{"rendered":"<p><strong>&#8211; Nueva Sede de Oficinas del Grupo Empresarial Azahar, en Castell\u00f3n. Arquitectura: OAB Carlos Ferrater-Nuria Ayala. Colaboradores: Emilio Llobat-Teresa Ribeiro.<\/strong><\/p>\n<p>Emilio Llobat ponente con Carlos Ferrater y Nuria Ayala en la Conferencia \u00abAislamiento t\u00e9rmico por el exterior. Eficiencia energ\u00e9tica, sostenibilidad y vanguardia arquitect\u00f3nica\u00bb. Celebrada el 01 de julio de 2009, en el Congreso Nacional de Arquitectos Espa\u00f1oles (Palacio de Congresos de Valencia).<\/p>\n<p><strong>&#8211; Fachada vegetal y cer\u00e1mica Eco-lifewalls.<\/strong><\/p>\n<p><span style=\"color: #141823;\">La fachada dise\u00f1ada por Maqla y Air-garden, \u00abECO-LIFEWALLS\u00bb presente en una de las ocho charlas dadas y proyectadas en la Semana Anual de la Arquitectura. Celebrada el 04 de octubre de 2014, en la plaza Mayor de Castell\u00f3n (Espa\u00f1a)<\/span><span style=\"color: #141823;\">. Ponente: Emilio Llobat.<\/span><\/p>\n","protected":false},"excerpt":{"rendered":"<p>&#8211; Nueva Sede de Oficinas del Grupo Empresarial Azahar, en Castell\u00f3n. Arquitectura: OAB Carlos Ferrater-Nuria Ayala. Colaboradores: Emilio Llobat-Teresa Ribeiro. Emilio Llobat ponente con Carlos Ferrater y Nuria Ayala en la Conferencia \u00abAislamiento t\u00e9rmico por el exterior. Eficiencia energ\u00e9tica, sostenibilidad y vanguardia arquitect\u00f3nica\u00bb. Celebrada el 01 de julio de 2009, en el Congreso Nacional de Arquitectos Espa\u00f1oles (Palacio de Congresos de Valencia). &#8211; Fachada vegetal y cer\u00e1mica Eco-lifewalls. La fachada dise\u00f1ada por Maqla y Air-garden, \u00abECO-LIFEWALLS\u00bb presente en una de las ocho charlas dadas y proyectadas en la Semana Anual de la Arquitectura. Celebrada el 04 de octubre de 2014, en la plaza Mayor de Castell\u00f3n (Espa\u00f1a). Ponente: Emilio Llobat.<\/p>\n","protected":false},"author":4,"featured_media":0,"parent":0,"menu_order":0,"comment_status":"open","ping_status":"closed","template":"","meta":{"footnotes":""},"class_list":["post-82","page","type-page","status-publish","hentry"],"_links":{"self":[{"href":"https:\/\/maqla.es\/web\/wp-json\/wp\/v2\/pages\/82","targetHints":{"allow":["GET"]}}],"collection":[{"href":"https:\/\/maqla.es\/web\/wp-json\/wp\/v2\/pages"}],"about":[{"href":"https:\/\/maqla.es\/web\/wp-json\/wp\/v2\/types\/page"}],"author":[{"embeddable":true,"href":"https:\/\/maqla.es\/web\/wp-json\/wp\/v2\/users\/4"}],"replies":[{"embeddable":true,"href":"https:\/\/maqla.es\/web\/wp-json\/wp\/v2\/comments?post=82"}],"version-history":[{"count":11,"href":"https:\/\/maqla.es\/web\/wp-json\/wp\/v2\/pages\/82\/revisions"}],"predecessor-version":[{"id":1514,"href":"https:\/\/maqla.es\/web\/wp-json\/wp\/v2\/pages\/82\/revisions\/1514"}],"wp:attachment":[{"href":"https:\/\/maqla.es\/web\/wp-json\/wp\/v2\/media?parent=82"}],"curies":[{"name":"wp","href":"https:\/\/api.w.org\/{rel}","templated":true}]}}

<p><strong>&#8211; Nueva Sede de Oficinas del Grupo Empresarial Azahar, en Castellón. Arquitectura: OAB Carlos Ferrater-Nuria Ayala. Colaboradores: Emilio Llobat-Teresa Ribeiro.</strong></p>
<p>Emilio Llobat ponente con Carlos Ferrater y Nuria Ayala en la Conferencia «Aislamiento térmico por el exterior. Eficiencia energética, sostenibilidad y vanguardia arquitectónica». Celebrada el 01 de julio de 2009, en el Congreso Nacional de Arquitectos Españoles (Palacio de Congresos de Valencia).</p>
<p><strong>&#8211; Fachada vegetal y cerámica Eco-lifewalls.</strong></p>
<p><span style="color: #141823;">La fachada diseñada por Maqla y Air-garden, «ECO-LIFEWALLS» presente en una de las ocho charlas dadas y proyectadas en la Semana Anual de la Arquitectura. Celebrada el 04 de octubre de 2014, en la plaza Mayor de Castellón (España)</span><span style="color: #141823;">. Ponente: Emilio Llobat.</span></p>

<p>&#8211; Nueva Sede de Oficinas del Grupo Empresarial Azahar, en Castellón. Arquitectura: OAB Carlos Ferrater-Nuria Ayala. Colaboradores: Emilio Llobat-Teresa Ribeiro. Emilio Llobat ponente con Carlos Ferrater y Nuria Ayala en la Conferencia «Aislamiento térmico por el exterior. Eficiencia energética, sostenibilidad y vanguardia arquitectónica». Celebrada el 01 de julio de 2009, en el Congreso Nacional de Arquitectos Españoles (Palacio de Congresos de Valencia). &#8211; Fachada vegetal y cerámica Eco-lifewalls. La fachada diseñada por Maqla y Air-garden, «ECO-LIFEWALLS» presente en una de las ocho charlas dadas y proyectadas en la Semana Anual de la Arquitectura. Celebrada el 04 de octubre de 2014, en la plaza Mayor de Castellón (España). Ponente: Emilio Llobat.</p>
